{"id":15027,"date":"2023-11-22T11:40:47","date_gmt":"2023-11-22T16:40:47","guid":{"rendered":"https:\/\/theprogressives.ca\/?post_type=senator&#038;p=15027"},"modified":"2024-11-19T17:21:33","modified_gmt":"2024-11-19T22:21:33","slug":"lhon-judy-white","status":"publish","type":"senator","link":"https:\/\/theprogressives.ca\/fr\/senator\/lhon-judy-white\/","title":{"rendered":"L&rsquo;hon. Judy White"},"content":{"rendered":"<p>Mi&rsquo;kmaq de la bande de Flat Bay, Judy White une avocate du conseil du roi qui poss\u00e8de une exp\u00e9rience consid\u00e9rable dans les domaines des droits de la personne, de la gouvernance autochtone et des questions l\u00e9gislatives.<\/p>\n<p>Mme\u00a0White \u00e9tait auparavant sous-ministre adjointe des Affaires autochtones et de la R\u00e9conciliation au sein du gouvernement de Terre-Neuve-et-Labrador et, dans le cadre d\u2019un processus d\u2019\u00e9change, elle a occup\u00e9 le poste de directrice de la mobilisation pour la l\u00e9gislation fond\u00e9e sur les distinctions au sein du gouvernement du Canada.<\/p>\n<p>Elle a si\u00e9g\u00e9 \u00e0 de nombreux conseils d\u2019administration et de gouvernance, assumant diverses fonctions au sein de nombreux organismes. Elle a notamment \u00e9t\u00e9 pr\u00e9sidente de la commission des droits de la personne de Terre-Neuve-et-Labrador, pr\u00e9sidente de la Commission d\u2019arbitrage des Inuvialuit et copr\u00e9sidente (autochtone) de la section Terre-Neuve-et-Labrador de l\u2019organisme \u00c0 voix \u00e9gales.<\/p>\n<p>En 2022, Mme\u00a0White a re\u00e7u le Prix du Gouverneur g\u00e9n\u00e9ral en comm\u00e9moration de l\u2019affaire \u00ab\u2009personne\u2009\u00bb en reconnaissance de ses contributions exceptionnelles \u00e0 l\u2019avancement de l\u2019\u00e9galit\u00e9 des sexes. Elle est \u00e9galement laur\u00e9ate du prestigieux Gordon M.\u00a0Stirling Distinguished Service Award de 2023 d\u00e9cern\u00e9 par la Law Society of Newfoundland and Labrador.<\/p>\n<p>Mme\u00a0White est titulaire d\u2019un baccalaur\u00e9at en droit avec sp\u00e9cialisation en droit autochtone de l\u2019Universit\u00e9 Dalhousie. Elle a \u00e9galement suivi le programme intensif Indigenous Lands, Resources, and Governments \u00e0 la Osgoode Hall Law School de l\u2019Universit\u00e9 York, le programme de certificat autochtone Leading People and Investing to Build Sustainable Communities \u00e0 la Harvard Business School, et le programme Chartered Director \u00e0 l\u2019Universit\u00e9 McMaster.<\/p>\n","protected":false},"featured_media":15026,"template":"","meta":{"_acf_changed":false},"senator_posts":[177],"province_territory":[65],"class_list":["post-15027","senator","type-senator","status-publish","has-post-thumbnail","hentry","senator_posts-l-hon-judy-white","province_territory-terre-neuve-et-labrador"],"acf":[],"_links":{"self":[{"href":"https:\/\/theprogressives.ca\/fr\/wp-json\/wp\/v2\/senator\/15027","targetHints":{"allow":["GET"]}}],"collection":[{"href":"https:\/\/theprogressives.ca\/fr\/wp-json\/wp\/v2\/senator"}],"about":[{"href":"https:\/\/theprogressives.ca\/fr\/wp-json\/wp\/v2\/types\/senator"}],"wp:featuredmedia":[{"embeddable":true,"href":"https:\/\/theprogressives.ca\/fr\/wp-json\/wp\/v2\/media\/15026"}],"wp:attachment":[{"href":"https:\/\/theprogressives.ca\/fr\/wp-json\/wp\/v2\/media?parent=15027"}],"wp:term":[{"taxonomy":"senator_posts","embeddable":true,"href":"https:\/\/theprogressives.ca\/fr\/wp-json\/wp\/v2\/senator_posts?post=15027"},{"taxonomy":"province_territory","embeddable":true,"href":"https:\/\/theprogressives.ca\/fr\/wp-json\/wp\/v2\/province_territory?post=15027"}],"curies":[{"name":"wp","href":"https:\/\/api.w.org\/{rel}","templated":true}]}}

<p>Mi&rsquo;kmaq de la bande de Flat Bay, Judy White une avocate du conseil du roi qui possède une expérience considérable dans les domaines des droits de la personne, de la gouvernance autochtone et des questions législatives.</p>
<p>Mme White était auparavant sous-ministre adjointe des Affaires autochtones et de la Réconciliation au sein du gouvernement de Terre-Neuve-et-Labrador et, dans le cadre d’un processus d’échange, elle a occupé le poste de directrice de la mobilisation pour la législation fondée sur les distinctions au sein du gouvernement du Canada.</p>
<p>Elle a siégé à de nombreux conseils d’administration et de gouvernance, assumant diverses fonctions au sein de nombreux organismes. Elle a notamment été présidente de la commission des droits de la personne de Terre-Neuve-et-Labrador, présidente de la Commission d’arbitrage des Inuvialuit et coprésidente (autochtone) de la section Terre-Neuve-et-Labrador de l’organisme À voix égales.</p>
<p>En 2022, Mme White a reçu le Prix du Gouverneur général en commémoration de l’affaire « personne » en reconnaissance de ses contributions exceptionnelles à l’avancement de l’égalité des sexes. Elle est également lauréate du prestigieux Gordon M. Stirling Distinguished Service Award de 2023 décerné par la Law Society of Newfoundland and Labrador.</p>
<p>Mme White est titulaire d’un baccalauréat en droit avec spécialisation en droit autochtone de l’Université Dalhousie. Elle a également suivi le programme intensif Indigenous Lands, Resources, and Governments à la Osgoode Hall Law School de l’Université York, le programme de certificat autochtone Leading People and Investing to Build Sustainable Communities à la Harvard Business School, et le programme Chartered Director à l’Université McMaster.</p>
